{"id":658,"date":"2025-05-20T07:33:26","date_gmt":"2025-05-20T07:33:26","guid":{"rendered":"https:\/\/ona.ba\/index.php\/forum-2\/"},"modified":"2025-05-20T08:39:06","modified_gmt":"2025-05-20T08:39:06","slug":"forum-2","status":"publish","type":"page","link":"https:\/\/ona.ba\/index.php\/forum-2\/","title":{"rendered":"Forum"},"content":{"rendered":"<p><strong data-start=\"684\" data-end=\"725\">Dobrodo\u0161le na forum zajednice ona.ba!<\/strong><br data-start=\"725\" data-end=\"728\" \/>Ovdje smo da se slu\u0161amo, podr\u017eimo i zajedno mijenjamo stvari. Sve va\u0161e pri\u010de, pitanja i iskustva su va\u017ena.<br data-start=\"836\" data-end=\"839\" \/><em data-start=\"841\" data-end=\"908\">Zajedno gradimo prostor koji je na\u0161 \u2014 siguran, otvoren i stvaran.<\/em><\/p>\n<p>&nbsp;<\/p>\n<div id=\"af-wrapper\"><div id=\"forum-header\"><div id=\"forum-navigation-mobile\"><a><span class=\"fas fa-bars\"><\/span>Menu<\/a><\/div><span class=\"screen-reader-text\">Forum Navigation<\/span><div id=\"forum-navigation\"><a class=\"home-link\" href=\"https:\/\/ona.ba\/index.php\/forum-2\" target=\"_self\">Forum<\/a><a class=\"members-link\" href=\"https:\/\/ona.ba\/index.php\/forum-2\/members\/\" target=\"_self\">Members<\/a><a class=\"activity-link\" href=\"https:\/\/ona.ba\/index.php\/forum-2\/activity\/\" target=\"_self\">Activity<\/a><a class=\"login-link\" href=\"https:\/\/ona.ba\/wp-login.php?redirect_to=https%3A%2F%2Fona.ba%2Findex.php%2Fwp-json%2Fwp%2Fv2%2Fpages%2F658\" target=\"_self\">Login<\/a><a class=\"register-link\" href=\"https:\/\/ona.ba\/wp-login.php?action=register\" target=\"_self\">Register<\/a><\/div><div id=\"forum-search\"><span class=\"search-icon fas fa-search\"><\/span><form method=\"get\" action=\"https:\/\/ona.ba\/index.php\/forum-2\/search\/\"><input name=\"keywords\" type=\"search\" placeholder=\"Search ...\" value=\"\"><\/form><\/div><div class=\"clear\"><\/div><\/div><div id=\"forum-breadcrumbs\" itemscope itemtype=\"http:\/\/schema.org\/BreadcrumbList\"><span class=\"screen-reader-text\">Forum breadcrumbs - You are here:<\/span><span class=\"breadcrumb-icon fas fa-home\"><\/span><span itemprop=\"itemListElement\" itemscope itemtype=\"https:\/\/schema.org\/ListItem\"><a itemprop=\"item\" href=\"https:\/\/ona.ba\/index.php\/forum-2\" title=\"Forum\"><span itemprop=\"name\">Forum<\/span><\/a><meta itemprop=\"position\" content=\"1\"><\/span><span class=\"breadcrumb-icon fas fa-chevron-right separator\"><\/span><\/div><h1 class=\"main-title main-title-\">Forum<\/h1><div class=\"title-element\" id=\"forum-category-28\">Example Category<span class=\"last-post-headline\">Last post<\/span><\/div><div class=\"content-container\"><div class=\"content-element forum\" id=\"forum-1\"><div class=\"forum-status unread\"><i class=\"fas fa-comments\"><\/i><\/div><div class=\"forum-name\"><a class=\"forum-title\" href=\"https:\/\/ona.ba\/index.php\/forum-2\/forum\/first-forum\/\">Pitanja i odgovori<\/a><small class=\"forum-description\">Postavite bilo koje pitanje ili dilemu. Zajedno tra\u017eimo odgovore kroz iskustvo i podr\u0161ku.<\/small><small class=\"forum-stats\">1 Topic&nbsp;&middot;&nbsp;4 Posts<\/small><small class=\"forum-lastpost-small\">Last post:&nbsp;<a href=\"https:\/\/ona.ba\/index.php\/forum-2\/topic\/upucena-prva-inicijativa-u-ime-mreze-zena-sa-invaliditetom-bih\/#postid-16\">Upu\u0107ena prva inicijativa u ime Mre &#8230;<\/a>&nbsp;&middot;&nbsp;<a href=\"https:\/\/ona.ba\/index.php\/forum-2\/topic\/upucena-prva-inicijativa-u-ime-mreze-zena-sa-invaliditetom-bih\/#postid-16\">6 months ago<\/a>&nbsp;&middot;&nbsp;<a class=\"profile-link highlight-admin\" href=\"https:\/\/ona.ba\/index.php\/forum-2\/profile\/ida-onaba\/\">Senaida Sarajli\u0107<\/a><\/small><\/div><div class=\"forum-poster\"><div class=\"forum-poster-avatar\"><img alt='' src='https:\/\/secure.gravatar.com\/avatar\/5614cd5822568a91597dda59a6dee7eaf69640fd255af5802dc4a16a4eb8432a?s=40&#038;d=mm&#038;r=g' srcset='https:\/\/secure.gravatar.com\/avatar\/5614cd5822568a91597dda59a6dee7eaf69640fd255af5802dc4a16a4eb8432a?s=80&#038;d=mm&#038;r=g 2x' class='avatar avatar-40 photo' height='40' width='40' \/><\/div><div class=\"forum-poster-summary\"><a href=\"https:\/\/ona.ba\/index.php\/forum-2\/topic\/upucena-prva-inicijativa-u-ime-mreze-zena-sa-invaliditetom-bih\/#postid-16\">Upu\u0107ena prva inicijativa  &#8230;<\/a><br><small><a href=\"https:\/\/ona.ba\/index.php\/forum-2\/topic\/upucena-prva-inicijativa-u-ime-mreze-zena-sa-invaliditetom-bih\/#postid-16\">6 months ago<\/a><span>&nbsp;&middot;&nbsp;<\/span><a class=\"profile-link highlight-admin\" href=\"https:\/\/ona.ba\/index.php\/forum-2\/profile\/ida-onaba\/\">Senaida Sarajli\u0107<\/a><\/small><\/div><\/div><\/div><div class=\"content-element forum\" id=\"forum-2\"><div class=\"forum-status unread\"><i class=\"fas fa-comments\"><\/i><\/div><div class=\"forum-name\"><a class=\"forum-title\" href=\"https:\/\/ona.ba\/index.php\/forum-2\/forum\/zaposljavanje-i-preduzetnistvo\/\">Zapo\u0161ljavanje i preduzetni\u0161tvo<\/a><small class=\"forum-description\">Savjeti i iskustva u vezi posla, radnih prava, samostalnog rada i poslovnih ideja.<\/small><small class=\"forum-stats\">2 Topics&nbsp;&middot;&nbsp;4 Posts<\/small><small class=\"forum-lastpost-small\">Last post:&nbsp;<a href=\"https:\/\/ona.ba\/index.php\/forum-2\/topic\/sta-su-najvece-prepreke-poduzetnistvu-zena-sa-invaliditetom\/#postid-12\">\u0160ta su najve\u0107e prepreke poduzetni\u0161 &#8230;<\/a>&nbsp;&middot;&nbsp;<a href=\"https:\/\/ona.ba\/index.php\/forum-2\/topic\/sta-su-najvece-prepreke-poduzetnistvu-zena-sa-invaliditetom\/#postid-12\">6 months ago<\/a>&nbsp;&middot;&nbsp;<a class=\"profile-link highlight-default\" href=\"https:\/\/ona.ba\/index.php\/forum-2\/profile\/fatak\/\">Fata<\/a><\/small><\/div><div class=\"forum-poster\"><div class=\"forum-poster-avatar\"><img alt='' src='https:\/\/secure.gravatar.com\/avatar\/2d9eef4374d6cce2c57c6b682f35b6535fbf355a4df8913b8afe9da760e66c81?s=40&#038;d=mm&#038;r=g' srcset='https:\/\/secure.gravatar.com\/avatar\/2d9eef4374d6cce2c57c6b682f35b6535fbf355a4df8913b8afe9da760e66c81?s=80&#038;d=mm&#038;r=g 2x' class='avatar avatar-40 photo' height='40' width='40' \/><\/div><div class=\"forum-poster-summary\"><a href=\"https:\/\/ona.ba\/index.php\/forum-2\/topic\/sta-su-najvece-prepreke-poduzetnistvu-zena-sa-invaliditetom\/#postid-12\">\u0160ta su najve\u0107e prepreke p &#8230;<\/a><br><small><a href=\"https:\/\/ona.ba\/index.php\/forum-2\/topic\/sta-su-najvece-prepreke-poduzetnistvu-zena-sa-invaliditetom\/#postid-12\">6 months ago<\/a><span>&nbsp;&middot;&nbsp;<\/span><a class=\"profile-link highlight-default\" href=\"https:\/\/ona.ba\/index.php\/forum-2\/profile\/fatak\/\">Fata<\/a><\/small><\/div><\/div><\/div><div class=\"content-element forum\" id=\"forum-3\"><div class=\"forum-status unread\"><i class=\"fas fa-comments\"><\/i><\/div><div class=\"forum-name\"><a class=\"forum-title\" href=\"https:\/\/ona.ba\/index.php\/forum-2\/forum\/zdravlje-i-dobrobit\/\">Zdravlje i dobrobit<\/a><small class=\"forum-description\">Briga o mentalnom i fizi\u010dkom zdravlju, pristup uslugama i svakodnevna ravnote\u017ea.<\/small><small class=\"forum-stats\">1 Topic&nbsp;&middot;&nbsp;6 Posts<\/small><small class=\"forum-lastpost-small\">Last post:&nbsp;<a href=\"https:\/\/ona.ba\/index.php\/forum-2\/topic\/mentalno-zdravlje\/#postid-13\">Mentalno zdravlje<\/a>&nbsp;&middot;&nbsp;<a href=\"https:\/\/ona.ba\/index.php\/forum-2\/topic\/mentalno-zdravlje\/#postid-13\">6 months ago<\/a>&nbsp;&middot;&nbsp;<a class=\"profile-link highlight-default\" href=\"https:\/\/ona.ba\/index.php\/forum-2\/profile\/nejra99\/\">Nejra99<\/a><\/small><small class=\"forum-subforums\"><b>Subforums:<\/b>&nbsp;<a href=\"https:\/\/ona.ba\/index.php\/forum-2\/forum\/seksualno-i-reproduktivno-zdravlje\/\">Seksualno i reproduktivno zdravlje<\/a><\/small><\/div><div class=\"forum-poster\"><div class=\"forum-poster-avatar\"><img alt='' src='https:\/\/secure.gravatar.com\/avatar\/9f7996bdb69d9303971f1562bd5af53f1e4ebb280a104974457009cd9d54207e?s=40&#038;d=mm&#038;r=g' srcset='https:\/\/secure.gravatar.com\/avatar\/9f7996bdb69d9303971f1562bd5af53f1e4ebb280a104974457009cd9d54207e?s=80&#038;d=mm&#038;r=g 2x' class='avatar avatar-40 photo' height='40' width='40' \/><\/div><div class=\"forum-poster-summary\"><a href=\"https:\/\/ona.ba\/index.php\/forum-2\/topic\/mentalno-zdravlje\/#postid-13\">Mentalno zdravlje<\/a><br><small><a href=\"https:\/\/ona.ba\/index.php\/forum-2\/topic\/mentalno-zdravlje\/#postid-13\">6 months ago<\/a><span>&nbsp;&middot;&nbsp;<\/span><a class=\"profile-link highlight-default\" href=\"https:\/\/ona.ba\/index.php\/forum-2\/profile\/nejra99\/\">Nejra99<\/a><\/small><\/div><\/div><\/div><div class=\"content-element forum\" id=\"forum-4\"><div class=\"forum-status unread\"><i class=\"fas fa-comments\"><\/i><\/div><div class=\"forum-name\"><a class=\"forum-title\" href=\"https:\/\/ona.ba\/index.php\/forum-2\/forum\/osnazivanje-i-licne-price\/\">Osna\u017eivanje i li\u010dne pri\u010de<\/a><small class=\"forum-description\">Podijelite pri\u010de koje su vas oblikovale \u2014 izazove, male pobjede i trenutke snage.<\/small><small class=\"forum-stats\">2 Topics&nbsp;&middot;&nbsp;3 Posts<\/small><small class=\"forum-lastpost-small\">Last post:&nbsp;<a href=\"https:\/\/ona.ba\/index.php\/forum-2\/topic\/razgovori-o-odnosu-sa-sobom-i-drugima\/#postid-18\">Razgovori o odnosu sa sobom i drug &#8230;<\/a>&nbsp;&middot;&nbsp;<a href=\"https:\/\/ona.ba\/index.php\/forum-2\/topic\/razgovori-o-odnosu-sa-sobom-i-drugima\/#postid-18\">5 months ago<\/a>&nbsp;&middot;&nbsp;<a class=\"profile-link highlight-admin\" href=\"https:\/\/ona.ba\/index.php\/forum-2\/profile\/adisa-onaba\/\">Adisa Ki\u0161i\u0107<\/a><\/small><\/div><div class=\"forum-poster\"><div class=\"forum-poster-avatar\"><img alt='' src='https:\/\/secure.gravatar.com\/avatar\/a5ac9b0d3aab7486563de769ebffeceeb6bda6e85f70bd99a57b2fd1725ec0e1?s=40&#038;d=mm&#038;r=g' srcset='https:\/\/secure.gravatar.com\/avatar\/a5ac9b0d3aab7486563de769ebffeceeb6bda6e85f70bd99a57b2fd1725ec0e1?s=80&#038;d=mm&#038;r=g 2x' class='avatar avatar-40 photo' height='40' width='40' \/><\/div><div class=\"forum-poster-summary\"><a href=\"https:\/\/ona.ba\/index.php\/forum-2\/topic\/razgovori-o-odnosu-sa-sobom-i-drugima\/#postid-18\">Razgovori o odnosu sa sob &#8230;<\/a><br><small><a href=\"https:\/\/ona.ba\/index.php\/forum-2\/topic\/razgovori-o-odnosu-sa-sobom-i-drugima\/#postid-18\">5 months ago<\/a><span>&nbsp;&middot;&nbsp;<\/span><a class=\"profile-link highlight-admin\" href=\"https:\/\/ona.ba\/index.php\/forum-2\/profile\/adisa-onaba\/\">Adisa Ki\u0161i\u0107<\/a><\/small><\/div><\/div><\/div><div class=\"content-element forum\" id=\"forum-5\"><div class=\"forum-status read\"><i class=\"fas fa-comments\"><\/i><\/div><div class=\"forum-name\"><a class=\"forum-title\" href=\"https:\/\/ona.ba\/index.php\/forum-2\/forum\/prava-i-politika\/\">Prava i politika<\/a><small class=\"forum-description\">Razgovaramo o zakonima, institucionalnim barijerama i na\u010dinima da ostvarimo svoja prava.<\/small><small class=\"forum-stats\">0 Topics&nbsp;&middot;&nbsp;0 Posts<\/small><small class=\"forum-lastpost-small\"><small class=\"no-topics\">No topics yet!<\/small><\/small><\/div><div class=\"forum-poster\"><small class=\"no-topics\">No topics yet!<\/small><\/div><\/div><div class=\"content-element forum\" id=\"forum-6\"><div class=\"forum-status unread\"><i class=\"fas fa-comments\"><\/i><\/div><div class=\"forum-name\"><a class=\"forum-title\" href=\"https:\/\/ona.ba\/index.php\/forum-2\/forum\/preporuke-i-resursi\/\">Preporuke i resursi<\/a><small class=\"forum-description\">Preporu\u010dite korisne vodi\u010de, linkove, servise, kurseve i tekstove koji mogu pomo\u0107i drugima.<\/small><small class=\"forum-stats\">1 Topic&nbsp;&middot;&nbsp;1 Post<\/small><small class=\"forum-lastpost-small\">Last post:&nbsp;<a href=\"https:\/\/ona.ba\/index.php\/forum-2\/topic\/gdje-odsjesti-za-praznike-preporuke-pristupacnih-apartmana-i-hotela\/#postid-5\">Gdje odsjesti za praznike? Preporu &#8230;<\/a>&nbsp;&middot;&nbsp;<a href=\"https:\/\/ona.ba\/index.php\/forum-2\/topic\/gdje-odsjesti-za-praznike-preporuke-pristupacnih-apartmana-i-hotela\/#postid-5\">7 months ago<\/a>&nbsp;&middot;&nbsp;<a class=\"profile-link highlight-admin\" href=\"https:\/\/ona.ba\/index.php\/forum-2\/profile\/ida-onaba\/\">Senaida Sarajli\u0107<\/a><\/small><\/div><div class=\"forum-poster\"><div class=\"forum-poster-avatar\"><img alt='' src='https:\/\/secure.gravatar.com\/avatar\/5614cd5822568a91597dda59a6dee7eaf69640fd255af5802dc4a16a4eb8432a?s=40&#038;d=mm&#038;r=g' srcset='https:\/\/secure.gravatar.com\/avatar\/5614cd5822568a91597dda59a6dee7eaf69640fd255af5802dc4a16a4eb8432a?s=80&#038;d=mm&#038;r=g 2x' class='avatar avatar-40 photo' height='40' width='40' \/><\/div><div class=\"forum-poster-summary\"><a href=\"https:\/\/ona.ba\/index.php\/forum-2\/topic\/gdje-odsjesti-za-praznike-preporuke-pristupacnih-apartmana-i-hotela\/#postid-5\">Gdje odsjesti za praznike &#8230;<\/a><br><small><a href=\"https:\/\/ona.ba\/index.php\/forum-2\/topic\/gdje-odsjesti-za-praznike-preporuke-pristupacnih-apartmana-i-hotela\/#postid-5\">7 months ago<\/a><span>&nbsp;&middot;&nbsp;<\/span><a class=\"profile-link highlight-admin\" href=\"https:\/\/ona.ba\/index.php\/forum-2\/profile\/ida-onaba\/\">Senaida Sarajli\u0107<\/a><\/small><\/div><\/div><\/div><\/div><div id=\"read-unread\"><span class=\"indicator unread\"><\/span><span class=\"indicator-label\">New posts<\/span><span class=\"indicator read\"><\/span><span class=\"indicator-label\">Nothing new<\/span><span class=\"indicator-label\"><span class=\"fas fa-check\"><\/span><a href=\"https:\/\/ona.ba\/index.php\/forum-2\/markallread\/?_wpnonce=a57de1187d\">Mark All Read<\/a><\/span><span class=\"indicator-label\"><span class=\"fas fa-history\"><\/span><a href=\"https:\/\/ona.ba\/index.php\/forum-2\/unread\/\">Show Unread Topics<\/a><\/span><div class=\"clear\"><\/div><\/div><div id=\"statistics\"><div class=\"title-element title-element-dark\"><span class=\"title-element-icon fas fa-chart-pie\"><\/span>Statistics<\/div><div id=\"statistics-body\"><div id=\"statistics-elements\"><div class=\"statistics-element\"><div class=\"element-number\"><span class=\"statistics-element-icon far fa-comments\"><\/span>7<\/div><div class=\"element-name\">Topics<\/div><\/div><div class=\"statistics-element\"><div class=\"element-number\"><span class=\"statistics-element-icon far fa-comment\"><\/span>18<\/div><div class=\"element-name\">Posts<\/div><\/div><div class=\"statistics-element\"><div class=\"element-number\"><span class=\"statistics-element-icon far fa-eye\"><\/span>601<\/div><div class=\"element-name\">Views<\/div><\/div><div class=\"statistics-element\"><div class=\"element-number\"><span class=\"statistics-element-icon far fa-user\"><\/span>24,202<\/div><div class=\"element-name\">Users<\/div><\/div><div class=\"statistics-element\"><div class=\"element-number\"><span class=\"statistics-element-icon far fa-lightbulb\"><\/span>0<\/div><div class=\"element-name\">Online<\/div><\/div><\/div><div id=\"statistics-online-users\"><span class=\"online-users-icon fas fa-user\"><\/span>Newest Member:&nbsp;<i><a class=\"profile-link highlight-default\" href=\"https:\/\/ona.ba\/index.php\/forum-2\/profile\/qhyd-please-get-your-1000-usd-bonus-here-wyq-doc\/\">qHyd PLEASE GET YOUR 1000 USD BONUS HERE - wyq.dockl.com<\/a><\/i>&nbsp;&middot;&nbsp;<span class=\"online-users-icon fas fa-users\"><\/span><i>Currently nobody is online.<\/i><\/div><\/div><div class=\"clear\"><\/div><\/div><div id=\"bottom-navigation\"><\/div><div class=\"clear\"><\/div><\/div>\n","protected":false},"excerpt":{"rendered":"<p>Dobrodo\u0161le na forum zajednice ona.ba!Ovdje smo da se slu\u0161amo, podr\u017eimo i zajedno mijenjamo stvari. Sve va\u0161e pri\u010de, pitanja i iskustva [&hellip;]<\/p>\n","protected":false},"author":4,"featured_media":0,"parent":0,"menu_order":0,"comment_status":"closed","ping_status":"closed","template":"","meta":{"_eb_attr":"","site-sidebar-layout":"default","site-content-layout":"","ast-site-content-layout":"","site-content-style":"default","site-sidebar-style":"default","ast-global-header-display":"","ast-banner-title-visibility":"","ast-main-header-display":"","ast-hfb-above-header-display":"","ast-hfb-below-header-display":"","ast-hfb-mobile-header-display":"","site-post-title":"","ast-breadcrumbs-content":"","ast-featured-img":"","footer-sml-layout":"","theme-transparent-header-meta":"","adv-header-id-meta":"","stick-header-meta":"","header-above-stick-meta":"","header-main-stick-meta":"","header-below-stick-meta":"","astra-migrate-meta-layouts":"default","ast-page-background-enabled":"default","ast-page-background-meta":{"desktop":{"background-color":"var(--ast-global-color-5)","background-image":"","background-repeat":"repeat","background-position":"center center","background-size":"auto","background-attachment":"scroll","background-type":"","background-media":"","overlay-type":"","overlay-color":"","overlay-opacity":"","overlay-gradient":""},"tablet":{"background-color":"","background-image":"","background-repeat":"repeat","background-position":"center center","background-size":"auto","background-attachment":"scroll","background-type":"","background-media":"","overlay-type":"","overlay-color":"","overlay-opacity":"","overlay-gradient":""},"mobile":{"background-color":"","background-image":"","background-repeat":"repeat","background-position":"center center","background-size":"auto","background-attachment":"scroll","background-type":"","background-media":"","overlay-type":"","overlay-color":"","overlay-opacity":"","overlay-gradient":""}},"ast-content-background-meta":{"desktop":{"background-color":"var(--ast-global-color-4)","background-image":"","background-repeat":"repeat","background-position":"center center","background-size":"auto","background-attachment":"scroll","background-type":"","background-media":"","overlay-type":"","overlay-color":"","overlay-opacity":"","overlay-gradient":""},"tablet":{"background-color":"var(--ast-global-color-4)","background-image":"","background-repeat":"repeat","background-position":"center center","background-size":"auto","background-attachment":"scroll","background-type":"","background-media":"","overlay-type":"","overlay-color":"","overlay-opacity":"","overlay-gradient":""},"mobile":{"background-color":"var(--ast-global-color-4)","background-image":"","background-repeat":"repeat","background-position":"center center","background-size":"auto","background-attachment":"scroll","background-type":"","background-media":"","overlay-type":"","overlay-color":"","overlay-opacity":"","overlay-gradient":""}},"footnotes":""},"class_list":["post-658","page","type-page","status-publish","hentry"],"_links":{"self":[{"href":"https:\/\/ona.ba\/index.php\/wp-json\/wp\/v2\/pages\/658","targetHints":{"allow":["GET"]}}],"collection":[{"href":"https:\/\/ona.ba\/index.php\/wp-json\/wp\/v2\/pages"}],"about":[{"href":"https:\/\/ona.ba\/index.php\/wp-json\/wp\/v2\/types\/page"}],"author":[{"embeddable":true,"href":"https:\/\/ona.ba\/index.php\/wp-json\/wp\/v2\/users\/4"}],"replies":[{"embeddable":true,"href":"https:\/\/ona.ba\/index.php\/wp-json\/wp\/v2\/comments?post=658"}],"version-history":[{"count":3,"href":"https:\/\/ona.ba\/index.php\/wp-json\/wp\/v2\/pages\/658\/revisions"}],"predecessor-version":[{"id":1270,"href":"https:\/\/ona.ba\/index.php\/wp-json\/wp\/v2\/pages\/658\/revisions\/1270"}],"wp:attachment":[{"href":"https:\/\/ona.ba\/index.php\/wp-json\/wp\/v2\/media?parent=658"}],"curies":[{"name":"wp","href":"https:\/\/api.w.org\/{rel}","templated":true}]}}